te number?
False
Let b(y) = y**3 - 9*y**2 + 12*y + 18. Let z be b(7). Let x = 3 - -2. Suppose 2*t - z*i = 199 - 53, -x*t + 5*i + 375 = 0. Is t a composite number?
True
Suppose 98*d - 94*d + 14632 = 0. Let g = 5997 - d. Is g composite?
True
Suppose -2883234 = -56*f - 11*f - 71*f. Is f prime?
False
Let w(f) = -f**2 - 19*f - 39. Let n be w(-4). Let k = n + 5602. Is k composite?
False
Suppose -65696917 = 39*c - 146*c - 36*c. Is c prime?
False
Let w = 41 + -53. Let z be ((0 - 0) + (-4)/w)*1503. Let p = z - 324. Is p composite?
True
Suppose y = -24*l + 26*l - 9, 5*l = 3*y + 24. Suppose 48783 = l*s + s - x, -48773 = -4*s + 3*x. Is s a composite number?
False
Let n be (-1)/3 - (-70)/30. Let h be (-4)/(-18) - 48191/(-99). Suppose h = 2*p - a - 536, -2*p - n*a = -1008. Is p a composite number?
False
Let k = 864 + 673. Is k a composite number?
True
Let x(k) = 212*k**2 - 2*k - 34. Let a be x(-7). Suppose -3*s + a = 4*p + 1823, -4*s = 3*p - 11405. Is (2 - s/(-3)) + 2/(-3) a prime number?
True
Is (-5 - 0)*(3978/(-45) + -9) composite?
False
Let j = 543901 - 23882. Is j a prime number?
True
Let p(o) = -4*o - 7. Let m be p(-2). Suppose -7*h - m + 22 = 0. Suppose -2*l - 226 = -5*k, 5*k + h*l = 2*k + 144. Is k prime?
False
Suppose 30*a + 206440 = 4*a. Let o = -5163 - a. Is o a composite number?
False
Is -5 - (-11 - 1) - -19632 a prime number?
False
Suppose 51*q + 8 = 53*q. Suppose 21522 = q*i + 7*n - 8*n, -3*i + 16151 = 4*n. Is i a composite number?
False
Is ((-10)/10 - (-78)/12)/(1/16838) prime?
False
Let d be (-2 + 7/21)*-3. Suppose -4551 = -3*k - d*f, 0 = 5*k + 5*f - 8*f - 7619. Is k composite?
True
Let b(y) = -3*y**3 - y**2 - y - 3. Let v(c) = 14*c**3 + 5*c**2 + 5*c + 16. Let f(i) = 11*b(i) + 2*v(i). Let o = 5 - 9. Is f(o) prime?
True
Let r(k) = 13*k - 66. Let c(u) = -u + 13. Let f(t) = 3*c(t) + r(t). Suppose 0 = -2*h - 6 + 52. Is f(h) prime?
False
Let l = -34 - -51. Let w(r) = -r**3 + 38*r**2 + 40*r - 16. Is w(l) a composite number?
False
Suppose 167*y - 292078818 = -127*y + 55925160. Is y prime?
True
Let o be 6/(-14) + 380/70. Let g(w) = -542*w - 95*w - 101*w + o. Is g(-1) a prime number?
True
Suppose -41*x + 54*x = 166322. Suppose -15*s + x = 1709. Is s composite?
False
Let h(g) = 69*g**2 - 57*g - 323. Is h(49) prime?
True
Suppose 61*g = 57*g + 5*d + 267224, -g + 5*d = -66791. Is g a composite number?
True
Let h(d) = 9010*d**3 - 4*d**2 + 7*d + 14. Let j be h(-4). Is -7 + (j - 2)/(-5) a composite number?
False
Is ((-32)/(-20) + -2)/((-48)/2136)*11995 prime?
False
Let w(u) = 126*u + 13. Let m be (2 + -1)*(4 - 1). Suppose -m*n + 50 = 5*h, -5*n + n - 1 = -3*h. Is w(h) a prime number?
False
Let y(p) = -p**3 + 13*p**2 + 7*p - 11. Let l = -157 - -151. Is y(l) composite?
False
Let t(r) = 4*r**3 - 4*r**2 - 27*r - 16. Suppose 34*z = 31*z + 27. Is t(z) prime?
True
Let l(i) = -6*i**2 - 16*i - 22. Let y be l(-14). Let z = -689 - y. Suppose z = 10*c - 5*c. Is c prime?
False
Suppose 0 = -2*g - 2*v + 8, -v = 2*g - 2*v - 5. Suppose 0 = 5*t + g*r - 5341, 2*r - 8406 = -5*t - 3067. Is t a composite number?
True
Let q = -429 + 587. Let f = q - -1211. Is f a prime number?
False
Suppose -3*t = -i - 9 + 76, 161 = 3*i + t. Suppose 0 = -11*r + 10 + 3 + 9. Suppose i = r*y - 639. Is y a composite number?
False
Suppose -20*g + 4130969 = -3711891. Is g a composite number?
False
Suppose -45*z = -639727 - 590843. Suppose -5*p = h - 36554 - z, -3*h = 5*p - 63890. Is p composite?
False
Suppose -z + 13*z - 461964 = 0. Is z a composite number?
True
Let q(f) = -283*f - 35. Let m be q(-15). Suppose w - m = -s, -3*w + w = -5*s + 21057. Is s a composite number?
False
Let g be 5*2/20*-8. Let i be (2*(-6)/g)/(6/6). Suppose 0 = -0*q + i*q - 6921. Is q a prime number?
False
Let d = 166103 - 111234. Is d a composite number?
False
Suppose 391*g - 1399421 = 332*g. Is g a prime number?
True
Suppose 4*j - 5*j + 2579 = 0. Suppose -7*t - 295 = 90*t - 38*t. Is 5/(t/j)*-1 a prime number?
True
Let l be (2 - (1 + (1 - 0)))*1. Let m(y) = -y**2 + 3*y + 1. Let j be m(l). Is (-1 + -4 - -2)/j + 494 a prime number?
True
Let f = -10555 + 14831. Suppose l - 3*l + 1858 = 0. Let d = f - l. Is d composite?
False
Let o(f) = 89*f**3 + f**2 - 19*f - 10. Let w be o(6). Suppose p - 6463 = -i, -2*i = 3*p - 249 - w. Is p a composite number?
True
Let n(u) = -u**3 - u**2 - 3*u + 6. Let d be n(3). Let p = -67 - d. Is (-3101)/p + (-1)/(-4) a prime number?
False
Let q be (10/(-14) + (-2)/7)/1. Let z(f) = -279*f + 28. Is z(q) composite?
False
Let j(l) = 14*l + 91. Let m(n) = 21*n + 137. Let o(s) = -7*j(s) + 5*m(s). Let x be o(-4). Is (-1940)/8*(-8)/x composite?
False
Is 6/10 + 1363355406/345 - (-4)/(-10) a prime number?
False
Let i = -27351 + 51358. Is i prime?
True
Let i = 121183 - 38256. Suppose -7*k + i = 6*k. Is k prime?
True
Let s be (1 - 1)/(9/(27/(-6))). Suppose 0 = -3*b + 4*x + 436 - 48, -4*b + x + 500 = s. Let q = -102 + b. Is q composite?
True
Suppose 0*v - 2*v = -8. Let d be (-4)/8 + (-234)/v. Is -7 - d - 1/(-1) prime?
True
Suppose -77*o + 83*o = 0. Let x(c) = -2*c**3 - 9*c + 4083. Is x(o) a composite number?
True
Let m = 117 + -79. Suppose 9318 = -m*k + 116440. Is k prime?
True
Let y(w) = 182*w**2 - 4*w - 9. Let i be y(-4). Suppose 7035 = 5*g - 4*j, -i = -5*g + 3*j + 4111. Is g a prime number?
False
Let h be 93*((-20)/(-6))/(-1). Let j = h + 677. Is j a composite number?
False
Let s be (6/(-12))/(5/(-130)). Suppose s*i - 9*i = 14428. Is i composite?
False
Let g(j) be the first derivative of 87*j**3 + 9*j**2/2 + 17*j - 64. Is g(-3) composite?
False
Let c = -40 + 44. Suppose -12*x + 5528 = -c*x. Suppose 5*a + k = x + 4263, 0 = 2*k + 2. Is a a composite number?
False
Let q be (0 + -1)*(-1 - 54)*5. Is (-11)/(q/(-8980)) + (-2)/10 a composite number?
False
Let y(m) = 65*m**2 - 41*m + 325. Is y(7) a prime number?
False
Let h be 26/2 + -10 + 10. Suppose 9*l - h*l = -7324. Is l a prime number?
True
Suppose -14*j = -j + 4420. Let b = -86 - j. Is b composite?
True
Let f be (-2)/7 - 22/(-77). Let q be 7/5 - 8/20. Is (f - q)*(-883 - 6) composite?
True
Suppose -3*p = 4*u - 310, 3*u = -2*p + 197 + 10. Suppose -91*m = -p*m + 105457. Is m a composite number?
False
Suppose -2*k + 0 - 8 = 2*w, 0 = -5*k + 2*w - 6. Is k*(-7)/(-42)*-12111 a composite number?
True
Is (1 + (-98178)/(-4))*(-19 - -21) prime?
False
Is (-61 - -57)*(-1273)/4 a prime number?
False
Suppose 7*f - 3948 + 32928 = 0. Is (2 + f/(-16))/(2/8) prime?
False
Let u(q) = -q**3 + 9*q**2 - 11*q + 12. Let l = -19 + 27. Let x be u(l). Is 11220/45 - 2*(-2)/x a prime number?
False
Suppose 364 = s + 359. Suppose -s*f + 26297 = -p + 9012, 3*f - 10371 = 3*p. Is f composite?
False
Let q be (-28651)/(-4)*(-84)/(-35)*5. Let d = 125068 - q. Is d prime?
False
Suppose -4*z + 43 = -225. Suppose 0 = -5*w + 5, 4*p - w - 85 = -6*w. Let m = z - p. Is m a prime number?
True
Let p = -186 - -204. Is (p/12 - -4)*(1 - -717) composite?
True
Let j(m) = 41969*m - 2588. Is j(14) a composite number?
True
Let n = -25 - -30. Suppose -2*i + 4*o = -6064, -3*o + 6*o = -n*i + 15160. Suppose -4*d + t + i = 3*t, -t = 5*d - 3787. Is d composite?
False
Let s = -139 + 143. Suppose 5*p = s*l - 1529 + 502, -4*l - 4*p = -1000. Is l a composite number?
True
Suppose -5*s + 40 = -4*o - o, 0 = -s - 3*o + 20. Let j(z) = 82*z - 8. Let i be j(s). Suppose -i = -k - t - 167, 5*k - 3659 = t. Is k prime?
False
Is 14/(-91) + 66471/13 a composite number?
False
Suppose -4*c + 12 = -p, 3*c = -p + 13 - 4. Suppose p = -4*y, 4*v - 4*y - 5435 = 37553. Is v composite?
True
Let s = 972 + 18326. Let h = s - 12511. Let w = h + -3704. Is w prime?
True
Is 7/3*(116 - 113) - -247614 a composite number?
True
Let v = -138 + 138. Is (v + 197)*(3 + -14)/(-1) prime?
False
Let h = 934 + -2543. Let u = h + 3926. Is u a composite number?
True
Let x = 469 - 225. Let q = x + -624. Let s = q - -1201. Is s composite?
False
Let i be 10/8 + 4/(-18 - -2). Suppose 7 - i = 3*b. Suppose b*v = -l + 3091, 5*v - 9707 = 4*l - 2012. Is v prime?
True
Is (-12)/(-6) + -14 + 4 + 0 - -106207 prime?
False
Suppose -13*n + 4*n = -81. Let z(t) = 3*t**2 + 26. Let r be z(n). Suppose -4*m + 12 = 0, -r + 1027 = 4*j - 2*m. Is j prime?
True
Let u(o) = 3*o**2 + 44*o + 21. Let n be ((-3)/(-12) - 2)*(-8)/(-1). Let s be u(n). Is 57155/55 + s/(77/2) composite?
False
Is (27/18)/(-4 + 193